Let c(g) = -17*g**3 - 13*g**2 + 37*g + 1. Let s(o) = 9*o**3 + 7*o**2 - 18*o - 1. Let z(q) = -4*c(q) - 7*s(q). What are the prime factors of z(3)?
3, 11
Let k(m) = m**3 + 14*m**2 + 6*m + 17. Suppose -2*q - 5*c + 14 = 0, 5*q - 1 = -4*c - 0*c. Let j be (2/q)/((-27)/(-486)). What are the prime factors of k(j)?
233
Suppose 0 = 4*n + 3*l - 1157, -40*l + 10 = -42*l. List the prime factors of n.
293
Let g(y) = -y**2 - 5*y - 24. Let i be g(-14). Let n = i - -228. List the prime factors of n.
2, 3, 13
List the prime factors of 5250/14*1484/70.
2, 3, 5, 53
Suppose 4*x + 3*n = 11201, x - 3*n - 8385 = -2*x. Suppose 0 = 2*p + 5*j + x, 3*p + 4*j + 4678 = 481. What are the prime factors of p/(-9) - 16/36?
5, 31
Let q be (5 - (3 + 5))*(-2)/3. Suppose 4*k - 494 = -q*s, 138 = -s - 3*k + 389. Let t = s - 50. What are the prime factors of t?
3, 7
Let f be (-188)/(-2)*(-10 + 11). Let w = 174 - f. What are the prime factors of w?
2, 5
Suppose 880*v = 864*v + 34896. What are the prime factors of v?
3, 727
Let y be ((-3)/(-2))/((-21)/(-284284)). Suppose -y = -23*u - 296. What are the prime factors of u?
2, 3, 5, 29
Let j(a) = -a**3 - 4*a**2 + 2*a - 15. Let m be j(-5). Suppose m = 11*h - 4770 + 1558. List the prime factors of h.
2, 73
Suppose 0 = -2*w + n - 1, -w = -5*w - 5*n + 5. Suppose 3*x - 3*p - 314 - 319 = w, -2*x = 2*p - 426. List the prime factors of x.
2, 53
Let v(g) = -2*g**3 + 15*g**2 - 2*g + 33795. What are the prime factors of v(0)?
3, 5, 751
What are the prime factors of (-34)/119 + 420786/7?
2, 13, 17
Let j be -93 - (8/(-2) - 0). Let o = j + 100. Suppose 0 = o*n - 6*n - 840. What are the prime factors of n?
2, 3, 7
Let b(g) = -962*g - 291. What are the prime factors of b(-8)?
5, 1481
Suppose 0 = 3*r - 5*f - 26925, 3*r - 3*f = -15111 + 42042. List the prime factors of r.
2, 5, 449
Let f = 3113 + 23502. List the prime factors of f.
5, 5323
Suppose -458 = -4*t + 122. Let c = 198 - 202. What are the prime factors of t - (1 - 2)*c?
3, 47
Let x = -1437 - -1549. List the prime factors of x.
2, 7
Let o be 430/15 + 10/(-15). Suppose 3*r + 5*l - 283 = 0, 3*l + 113 = r + o. Suppose -5*d + r = -19. List the prime factors of d.
2, 11
Let k = 23 - 7. Suppose m = -4*q + 285, 3*m + 14*q - 911 = k*q. List the prime factors of m.
7, 43
Suppose -36*i + 62*i = -82*i + 2923992. What are the prime factors of i?
2, 13537
Let j = 184 - 177. Suppose -5*m - 3*c = -257, j*m = 2*m + 2*c + 262. List the prime factors of m.
2, 13
Suppose -3*y + z = -4*z + 19, -4*z = y - 5. List the prime factors of (-463)/((-23)/y - 8).
3, 463
Let a(s) = -s**2 - 4*s + 5. Let d be a(-4). Suppose 4*c = -d*o + 42, c = -c + 6. Suppose o*b + 3 = 279. What are the prime factors of b?
2, 23
Let y(x) = x**3 - 29*x**2 + 76*x + 14. Let r be y(25). Let m = -268 - r. List the prime factors of m.
2, 3, 53
Suppose -47*i - 2*d = -51*i + 301568, 2*i - 150776 = -3*d. What are the prime factors of i?
75391
Let u(g) = 2*g**3 + 26*g**2 - 185*g + 106. What are the prime factors of u(19)?
3, 5, 13, 101
Suppose d = -2*y + 2 + 5, 0 = -y - 2*d - 1. Suppose -y*w - 1925 = -4*h, 500 = h - 5*w - 0*w. What are the prime factors of h?
5, 19
Suppose 3*c + 5*i + 1102 = 4*c, 4*c - 2*i - 4300 = 0. List the prime factors of c.
2, 67
Suppose 11*p + 197297 = 3*f + 7*p, -14*f - 2*p = -920678. List the prime factors of f.
3, 7307
Let r be ((-8)/7)/(6/(-21)). Suppose 0 = -r*v + 11 + 189. Suppose 3*n = 10*u - 7*u - 186, u - 5*n = v. What are the prime factors of u?
5, 13
Suppose 32*n - 25*n - 1603 = 0. Suppose -n*a = -233*a + 3928. List the prime factors of a.
2, 491
Suppose 0 = 47*p + 59*p - 3230244. What are the prime factors of p?
2, 3, 1693
List the prime factors of 105/(-18*25/(-59850)).
3, 5, 7, 19
Suppose 3*o + 20 = 146. Suppose 4*c - 828 = -3*m, 3*c + 2*m = -c + 828. Let k = c - o. List the prime factors of k.
3, 5, 11
Suppose -2*x = 2*d - 350, 0 = -5*d - 0*x - x + 871. Let y = 207 - d. List the prime factors of y.
3, 11
Let w = -93476 - -148303. What are the prime factors of w?
109, 503
Suppose 40 = 19*l + 2. Suppose -d + 557 = l*c - 580, 3*d - 3 = 0. What are the prime factors of c?
2, 71
Suppose -3*v - 191 = 10. Let u = -65 - v. Suppose 355 = 3*y - 4*c, u*c - 613 = -5*y - 2*c. What are the prime factors of y?
11
Suppose 497*j + 15 = 500*j. Suppose 3*z - 2440 = -j*k, -8*k - 2*z = -6*k - 980. List the prime factors of k.
5, 97
Let w(s) = 53*s**3 - 6*s + 7. Suppose 17 + 7 = 12*j. What are the prime factors of w(j)?
419
Suppose -4*k - 39461 = -m, -24370 = -3*m - 4*k + 93869. List the prime factors of m.
5, 19, 83
Suppose 70*l - 333235 - 498855 = 0. What are the prime factors of l?
11887
Suppose 0 = -95*t - 42*t + 573482. List the prime factors of t.
2, 7, 13, 23
Let q = 60 + -60. Suppose -n + 22 - 21 = q. List the prime factors of (0 + n)*(130 + 19).
149
Let x(n) = 51*n - 9. Let d be x(-2). Let z be (1 - 0)/(447/d - -4). Let y = -7 - z. What are the prime factors of y?
2, 3, 5
Let a(s) = 170*s**2 + 25*s - 83. What are the prime factors of a(4)?
7, 17, 23
Suppose -129 = -63*i + 20*i. What are the prime factors of (330/18)/(-11) + 1241/i?
2, 103
Let w = 1016 + 593. Suppose -1685 = -9*q + w. List the prime factors of q.
2, 3, 61
Let z(b) = -b**3 + 49*b**2 - 253*b - 147. List the prime factors of z(37).
2, 5, 173
Let w = 751 - -6751. What are the prime factors of w?
2, 11, 31
Suppose 20*o + 12 = -108. List the prime factors of (4 - 16)/o - -349.
3, 13
What are the prime factors of 7 - (-27736 - 19 - 13)?
5, 11, 101
Suppose -4*g - 5*z = -12, 0 = 3*g - z - 6 - 3. Suppose -g*l + 4 - 10 = 0. List the prime factors of 4/2*(76 + l) - 3.
5, 29
Let l(i) = 2*i**2 - 11. Let x be l(0). Let b = -8 - x. Suppose 0 = b*s - 0*s - 309. What are the prime factors of s?
103
Suppose -2*t + 4*t = 40. List the prime factors of (-8)/t*-5 - -148.
2, 3, 5
Let f = 48622 + -30294. List the prime factors of f.
2, 29, 79
Let o(c) = 5*c**2 + 24*c - 46. Let x(l) = l**2 + l - 1. Let z(w) = o(w) - 4*x(w). List the prime factors of z(14).
2, 7, 31
What are the prime factors of (9*728/35)/((-3)/(-170))?
2, 3, 13, 17
Suppose 0 = 2*d - 10*d + 5*d + 24669. What are the prime factors of d?
3, 2741
Let j(c) = -1254*c + 30. Let o be j(3). Let g = -1898 - o. List the prime factors of g.
2, 7, 131
Let c(d) = -d**3 + 2*d**2 + 9*d - 13. Let s be c(2). Let p(q) = 6*q + 24. List the prime factors of p(s).
2, 3
Suppose q = -2*k + 3604, -56*q - 2*k = -56*q. List the prime factors of q.
2, 17, 53
Let f be 7108/12 - 4/(-6). Suppose 6*b - 3*r - 882 = 3*b, 2*b + 3*r = f. List the prime factors of b.
5, 59
Let x(n) = 4*n + 967. List the prime factors of x(-42).
17, 47
Let k be 2/4*-8 - -38. What are the prime factors of (-4)/k - 87601/(-289)?
3, 101
Let b be -4 + (-2 + 4 - -2). Suppose -43*z + 38*z + 125 = b. Let y = z - -85. List the prime factors of y.
2, 5, 11
Suppose -4*n + 3 = -3*k - 2, 5*n = -k + 30. Suppose 4*d = -3*m - 1, 0 = -2*d - 3*d + n*m - 10. List the prime factors of (-1287)/(-36) - d/4.
2, 3
Let h = -4229 - -6737. What are the prime factors of h?
2, 3, 11, 19
What are the prime factors of 395*1968/90*6?
2, 41, 79
Let x = -227 - -183. Let c = 284 - x. List the prime factors of c.
2, 41
Suppose 30*r + 15*r - 69840 = 0. What are the prime factors of r?
2, 97
Let d(k) = -7*k + 306. Suppose 0 = -2*c + z + 1, c + 2*z = -2*c - 2. What are the prime factors of d(c)?
2, 3, 17
Let u be (-3)/(3 - (6/(-424) + 3)). Let r = u - -422. What are the prime factors of r?
2, 3, 5, 7
Let a(z) be the second derivative of z**3/3 - 6*z**2 + 8*z. Let r be a(6). Suppose 5*s = -3*j + 308, 2*j + 2*j - 4*s - 368 = r. List the prime factors of j.
2, 3
Let w be (3 - (-76)/(-12))/((-1)/3). Suppose -6*y - 452 = -w*y. Suppose 2*v = y + 123. What are the prime factors of v?
2, 59
Suppose -n - 7 = -0*t - 3*t, 28 = 2*t + 4*n. Suppose 3*a + 15 = 0, -4*q + a - t*a - 63 = 0. Let w = 18 - q. List the prime factors of w.
2, 3, 5
Suppose 73*d - k = 71*d + 4443, 2*k = -5*d + 11121. What are the prime factors of d?
3, 13, 19
List the prime factors of 10/(-80)*4 + (74883/6)/1.
2, 3, 5, 13
What are the prime factors of (1/4)/((-130)/(-16404440))?
31547
Let s(j) = -37*j - 22. Suppose -4*x - 35 = 5. What are the prime factors of s(x)?
2, 3, 29
Let v be ((-12)/5)/((-42)/280). Suppose v*z + 153 = 17*z - 2*b, -2*z + 288 =